 units digit of 727402?
2
What is the ten thousands digit of 2840469?
4
What is the units digit of 292319?
9
What is the millions digit of 4927323?
4
What is the hundreds digit of 193422?
4
What is the tens digit of 8986784?
8
What is the ten millions digit of 21208671?
2
What is the tens digit of 301869?
6
What is the units digit of 531653?
3
What is the hundreds digit of 378042?
0
What is the millions digit of 6900836?
6
What is the units digit of 15005286?
6
What is the ten thousands digit of 202108?
0
What is the ten thousands digit of 7947863?
4
What is the tens digit of 3177476?
7
What is the hundreds digit of 5923007?
0
What is the thousands digit of 6304104?
4
What is the thousands digit of 384793?
4
What is the hundreds digit of 392488?
4
What is the thousands digit of 74280?
4
What is the tens digit of 335618?
1
What is the units digit of 4717671?
1
What is the thousands digit of 9064593?
4
What is the hundreds digit of 645986?
9
What is the tens digit of 118194?
9
What is the ten thousands digit of 4222273?
2
What is the tens digit of 876206?
0
What is the thousands digit of 447939?
7
What is the thousands digit of 469151?
9
What is the millions digit of 10980371?
0
What is the tens digit of 25432634?
3
What is the millions digit of 18690183?
8
What is the units digit of 6583522?
2
What is the millions digit of 31050480?
1
What is the units digit of 2857559?
9
What is the hundreds digit of 10092551?
5
What is the hundreds digit of 4327502?
5
What is the tens digit of 7004?
0
What is the hundreds digit of 30286?
2
What is the ten thousands digit of 30274?
3
What is the hundreds digit of 3314748?
7
What is the units digit of 20609970?
0
What is the hundreds digit of 3968865?
8
What is the thousands digit of 2919098?
9
What is the millions digit of 5149282?
5
What is the tens digit of 1967642?
4
What is the hundreds digit of 302056?
0
What is the tens digit of 6534410?
1
What is the hundred thousands digit of 4408689?
4
What is the hundreds digit of 928237?
2
What is the hundreds digit of 6675402?
4
What is the thousands digit of 984369?
4
What is the units digit of 53619?
9
What is the hundred thousands digit of 169095?
1
What is the hundreds digit of 1083072?
0
What is the hundreds digit of 1781495?
4
What is the tens digit of 1129646?
4
What is the hundreds digit of 15125601?
6
What is the hundred thousands digit of 125675?
1
What is the hundred thousands digit of 4754272?
7
What is the ten millions digit of 26757399?
2
What is the units digit of 15563751?
1
What is the hundreds digit of 78779?
7
What is the tens digit of 189164?
6
What is the thousands digit of 775372?
5
What is the units digit of 690014?
4
What is the ten thousands digit of 10587657?
8
What is the thousands digit of 7349611?
9
What is the hundred thousands digit of 1364047?
3
What is the hundreds digit of 119194?
1
What is the thousands digit of 34116993?
6
What is the ten thousands digit of 519670?
1
What is the tens digit of 1369625?
2
What is the hundreds digit of 3105182?
1
What is the units digit of 385810?
0
What is the units digit of 5334133?
3
What is the thousands digit of 5859277?
9
What is the ten thousands digit of 518979?
1
What is the ten thousands digit of 1025904?
2
What is the ten thousands digit of 240279?
4
What is the hundreds digit of 768478?
4
What is the ten thousands digit of 287359?
8
What is the hundred thousands digit of 2408581?
4
What is the ten thousands digit of 618815?
1
What is the hundreds digit of 3806080?
0
What is the units digit of 32893?
3
What is the hundreds digit of 1682209?
2
What is the ten thousands digit of 949697?
4
What is the thousands digit of 88622?
8
What is the tens digit of 3800851?
5
What is the hundreds digit of 1774887?
8
What is the millions digit of 13332557?
3
What is the millions digit of 2799186?
2
What is the tens digit of 577503?
0
What is the tens digit of 39090?
9
What is the thousands digit of 101520?
1
What is the hundreds digit of 13011026?
0
What is the hundreds digit of 9846671?
6
What is the ten millions digit of 15257974?
1
What is the hundred thousands digit of 8674460?
6
What is the hundreds digit of 1441066?
0
What is the millions digit of 2345219?
2
What is the hundred thousands digit of 202899?
2
What is the thousands digit of 347830?
7
What is the units digit of 228539?
9
What is the hundreds digit of 5197483?
4
What is the hundreds digit of 1727778?
7
What is the millions digit of 1149213?
1
What is the hundred thousands digit of 23757806?
7
What is the thousands digit of 170058?
0
What is the ten thousands digit of 1037943?
3
What is the units digit of 4659920?
0
What is the ten thousands digit of 32225?
3
What is the hundreds digit of 17327141?
1
What is the thousands digit of 558956?
8
What is the thousands digit of 38649?
8
What is the ten thousands digit of 372508?
7
What is the hundreds digit of 1437468?
4
What is the ten thousands digit of 32365?
3
What is the tens digit of 13678790?
9
What is the millions digit of 11199491?
1
What is the ten thousands digit of 1109128?
0
What is the hundred thousands digit of 6417736?
4
What is the thousands digit of 224278?
4
What is the hundreds digit of 1237292?
2
What is the millions digit of 1242648?
1
What is the ten thousands digit of 508884?
0
What is the thousands digit of 3467548?
7
What is the thousands digit of 404943?
4
What is the tens digit of 845937?
3
What is the hundreds digit of 42882?
8
What is the hundred thousands digit of 453756?
4
What is the millions digit of 4982383?
4
What is the ten thousands digit of 690158?
9
What is the tens digit of 567659?
5
What is the tens digit of 108706?
0
What is the thousands digit of 1633?
1
What is the millions digit of 26628879?
6
What is the hundred thousands digit of 291852?
2
What is the hundreds digit of 345824?
8
What is the units digit of 539076?
6
What is the tens digit of 164092?
9
What is the millions digit of 1193820?
1
What is the thousands digit of 223281?
3
What is the ten thousands digit of 12229561?
2
What is the millions digit of 1117373?
1
What is the thousands digit of 368901?
8
What is the thousands digit of 5647327?
7
What is the thousands digit of 15417076?
7
What is the ten thousands digit of 9917110?
1
What is the thousands digit of 761833?
1
What is the ten thousands digit of 8109111?
0
What is the units digit of 2492440?
0
What is the thousands digit of 21567040?
7
What is the units digit of 179364?
4
What is the tens digit of 240523?
2
What is the ten millions digit of 12360845?
1
What is the thousands digit of 271398?
1
What is the hundreds digit of 46856?
8
What is the thousands digit of 9914667?
4
What is the ten thousands digit of 24433?
2
What is the hundreds digit of 1204032?
0
What is the units digit of 9389350?
0
What is the ten millions digit of 14355451?
1
What is the thousands digit of 2816590?
6
What is the units digit of 6008080?
0
What is the units digit of 1642858?
8
What is the ten thousands digit of 460996?
6
What is the tens digit of 460061?
6
What is the hundred thousands digit of 17029647?
0
What is the hundreds digit of 990475?
4
What is the units digit of 5839905?
5
What is the hundred thousands digit of 615265?
6
What is the thousands digit of 628436?
8
What is the units digit of 624708?
8
What is the thousands digit of 9815567?
5
What is the units digit of 983241?
1
What is the tens digit of 1483223?
2
What is the units digit of 106487?
7
What is the units digit of 37723415?
5
What is the units digit of 24213798?
8
What is the ten thousands digit of 27721163?
2
What is the units digit of 134932?
2
What is the hundreds digit of 83364?
3
What is the tens digit of 232431?
3
What is the units digit of 564983?
3
What is the tens digit of 652957?
5
What is the thousands digit of 5051825?
1
What is the hundred thousands digit of 2830714?
8
What is the hundreds digit of 218266?
2
What is the units digit of 1229668?
8
What is the ten thousands digit of 552896?
5
What is the tens digit of 745385?
8
What is the tens digit of 572687?
8
What is the hundred thousands digit of 303109?
3
What is the hundreds digit of 18486310?
3
What is the hundreds digit of 1228597?
5
What is the units digit of 952658?
8
What is the millions digit of 2288910?
2
Wh